{"id":1170,"date":"2023-07-20T17:06:41","date_gmt":"2023-07-20T17:06:41","guid":{"rendered":"https:\/\/deep-ocean.com\/?page_id=1170"},"modified":"2023-07-20T17:06:41","modified_gmt":"2023-07-20T17:06:41","slug":"agb","status":"publish","type":"page","link":"https:\/\/deep-ocean.com\/eng\/agb\/","title":{"rendered":"AGB"},"content":{"rendered":"\n<h2 class=\"wp-block-heading\"><strong>Allgemeine Gesch\u00e4ftsbedingungen\u00a0<\/strong><\/h2>\n\n\n\n<p><strong>&nbsp;1.<\/strong>&nbsp;<strong>Vertragsgestaltung&nbsp;<\/strong><\/p>\n\n\n\n<p>&nbsp;1.1&nbsp;<\/p>\n\n\n\n<p>Der Abschluss von Vertr\u00e4gen zwischen Auftraggebern und der DEEP O.C.E.A.N. GmbH \u00fcber die beiderseitig zu erbringenden Leistungen sowie \u00c4nderungen und \/ oder Erg\u00e4nzungen hierzu bed\u00fcrfen der Schriftform.&nbsp;<\/p>\n\n\n\n<p>1.2&nbsp;<\/p>\n\n\n\n<p>Die vorliegenden Gesch\u00e4ftsbedingungen f\u00fcr die DEEP O.C.E.A.N. GmbH, haben Vorrang vor entgegenstehenden Allgemeinen Gesch\u00e4ftsbedingungen des Auftraggebers.&nbsp;<\/p>\n\n\n\n<p><strong>&nbsp;2.<\/strong>&nbsp;<strong>Leistungen der DEEP O.C.E.A.N. GmbH&nbsp;<\/strong><\/p>\n\n\n\n<p>&nbsp;2.1&nbsp;<\/p>\n\n\n\n<p>Die DEEP O.C.E.A.N. GmbH erbringt ihre Dienstleistungen selbst, durch Angestellte und \/ oder freie Mitarbeiter. Einzelheiten regelt der jeweilige Vertrag mit dem Auftraggeber.&nbsp;<\/p>\n\n\n\n<p>2.2&nbsp;<\/p>\n\n\n\n<p>Umfang, Form, Thematik und Ziel der Dienstleistungen werden in dem jeweiligen Vertrag zwischen Auftraggeber und der DEEP O.C.E.A.N. GmbH im Einzelnen festgelegt.&nbsp;<\/p>\n\n\n\n<p>2.3&nbsp;<\/p>\n\n\n\n<p>Die DEEP O.C.E.A.N. GmbH erbringt Leistungen insbesondere in Form von Pers\u00f6nlichkeits- und Verhaltensanalysen, Beratung, Konzeptionen, (Das Wort gibt es nicht. Im Englischen w\u00e4ren es Speeches. Im Deutschen Vortr\u00e4ge ;-)), Vortr\u00e4gen, Seminaren, Trainings, Workshops, Coachings, Pr\u00e4senzveranstaltungen, Webinaren, einer E-Learning Plattform und nach Vereinbarung Intervallveranstaltungen.&nbsp;<\/p>\n\n\n\n<p><strong>&nbsp;3.<\/strong>&nbsp;<strong>Honorare und Kosten&nbsp;<\/strong><\/p>\n\n\n\n<p>&nbsp;3.1&nbsp;<\/p>\n\n\n\n<p>F\u00fcr Beratungen, Dienstleistungen und Inhouse-Trainings gilt:&nbsp;<\/p>\n\n\n\n<p>Ein Honorar wird je angefangenem Tag f\u00fcr Besprechungen, Analysen, Trainingsvorbereitungen und sonstigen Aufgaben, die gemeinsam mit dem Auftraggeber oder Dritten zu realisieren sind, vereinbart.&nbsp;<\/p>\n\n\n\n<p>Zus\u00e4tzlich und nach Absprache mit dem Auftraggeber werden weitere Positionen berechnet, z.B. der Einsatz von technischen Assistenten, von Tonbildschauen, Filmen, Videospots, auditiven Fallstudien etc..&nbsp;<\/p>\n\n\n\n<p>3.2&nbsp;<\/p>\n\n\n\n<p>F\u00fcr Inhouse-Seminare, Trainings und Workshops wird ein Tages- oder Pauschalhonorar vereinbart.&nbsp;<\/p>\n\n\n\n<p>3.3&nbsp;<\/p>\n\n\n\n<p>Alle Leistungen gelten zzgl. der gesetzlichen Mehrwertsteuer, au\u00dfer sie sind ausdr\u00fccklich \u201cinklusive MwSt.\u201d ausgezeichnet.&nbsp;<\/p>\n\n\n\n<p>3.4&nbsp;<\/p>\n\n\n\n<p>Bei Buchungen von Vortr\u00e4gen, Seminaren, Trainings, E-Learning Modulen und Workshops ist eine sofortige Zahlung in H\u00f6he von 100 % des Honorars vorab zu leisten, es sei denn, es gilt eine andere Vereinbarung.&nbsp;<\/p>\n\n\n\n<p>3.5&nbsp;<\/p>\n\n\n\n<p>Die vereinbarten Honorare werden um 5 % pro Jahr erh\u00f6ht.&nbsp;<\/p>\n\n\n\n<p>3.6&nbsp;<\/p>\n\n\n\n<p>Der Auftraggeber darf seine Leistung nur zur\u00fcckbehalten, sofern sein Zur\u00fcckbehaltungsrecht auf demselben Vertragsverh\u00e4ltnis beruht. Die Aufrechnung mit Gegenanspr\u00fcchen ist ausgeschlossen, es sei denn, diese Gegenanspr\u00fcche werden von uns nicht bestritten oder sind rechtskr\u00e4ftig festgestellt.&nbsp;<\/p>\n\n\n\n<p>3.7&nbsp;<\/p>\n\n\n\n<p>Wird ein Firmenseminar, Training oder Workshop vom Auftraggeber storniert, hat die DEEP O.C.E.A.N. GmbH folgende Entgeltanspr\u00fcche:&nbsp;<\/p>\n\n\n\n<p>1. Bei K\u00fcndigung des Auftraggebers bis 120 Arbeitstage vor dem (1.) Termin: Die Anzahlung verbleibt bei der DEEP O.C.E.A.N. GmbH. Weitere Kosten werden nicht erhoben.&nbsp;<\/p>\n\n\n\n<p>2. Bei K\u00fcndigung des Auftraggebers bis 90 Arbeitstage vor dem (1.) Termin: Die DEEP O.C.E.A.N. GmbH hat Anspruch auf 50 % des vereinbarten Honorars.&nbsp;<\/p>\n\n\n\n<p>3. Bei sp\u00e4terer K\u00fcndigung des Auftraggebers hat die DEEP O.C.E.A.N. GmbH Anspruch auf 100 % des vereinbarten Honorars.&nbsp;<\/p>\n\n\n\n<p>4. Bei einer Laufzeit von 36 Monaten ist eine K\u00fcndigung nach 12 und 24 Monaten m\u00f6glich. Nach 12 Monaten werden 50% des Gesamthonorars f\u00e4llig, nach 24 Monaten 2\/3 des Gesamthonorars.&nbsp;<\/p>\n\n\n\n<p>5. Sollte der Auftraggeber aufgrund h\u00f6herer Gewalt objektiv daran gehindert sein, an einer Pr\u00e4senzveranstaltung teilzunehmen (beispielsweise, aber nicht abschlie\u00dfend: Pandemie, Reisebeschr\u00e4nkungen, o.\u00e4.), so hat er die M\u00f6glichkeit, zu den gebuchten Zeiten anstelle der gebuchten Veranstaltung an Live-Online-Trainings teilzunehmen. W\u00fcnscht der Auftraggeber, von dieser M\u00f6glichkeit Gebrauch zu machen, hat er der DEEP O.C.E.A.N. GmbH sp\u00e4testens 5 Werktage vor der Veranstaltung schriftlich zu informieren, damit das Konzept angepasst werden kann. Erfolgt die Information durch den Kunden sp\u00e4ter als zum vorgenannten Zeitpunkt, ist die DEEP O.C.E.A.N. GmbH berechtigt, f\u00fcr daraus entstehende Mehrkosten pauschal 10 % des vereinbarten Bruttohonorars zu berechnen. Dem Kunden ist der Nachweis gestattet, dass die tats\u00e4chlichen Mehrkosten \u00fcberhaupt nicht entstanden oder wesentlich niedriger sind als diese Pauschale.&nbsp;<\/p>\n\n\n\n<p>Der vorstehende Anspruch entsteht mit dem Tage des Einganges der K\u00fcndigung des Auftraggebers bei der DEEP O.C.E.A.N. GmbH und ist auch zu diesem Zeitpunkt f\u00e4llig. Eine K\u00fcndigung hat nur dann G\u00fcltigkeit, wenn sie schriftlich erfolgt.&nbsp;<\/p>\n\n\n\n<p>3.8<\/p>\n\n\n\n<p>F\u00fcr offene Seminare gilt:&nbsp;<\/p>\n\n\n\n<p>Wird eine offene Veranstaltung vom Teilnehmer storniert oder umgebucht, gilt folgendes:&nbsp;<\/p>\n\n\n\n<p>1. Bei K\u00fcndigung des Teilnehmers bis 10 Wochen vor dem (1.) Termin: Die DEEP O.C.E.A.N. GmbH hat Anspruch auf 50 % der vereinbarten Seminargeb\u00fchren.&nbsp;<\/p>\n\n\n\n<p>2. Bei K\u00fcndigung des Teilnehmers ab 10 Wochen vor dem (1.) Termin hat die DEEP O.C.E.A.N. GmbH Anspruch auf 100 % der vereinbarten Seminargeb\u00fchren&nbsp;<\/p>\n\n\n\n<p>.3. Bei Verschiebung oder Umbuchung bis 8 Wochen vor dem (1.) Termin kann eine Bearbeitungsgeb\u00fchr in H\u00f6he von 250\u20ac erhoben werden.&nbsp;<\/p>\n\n\n\n<p>4. Bei Verschiebung oder Umbuchung bis 2 Wochen vor dem (1.) Termin hat die DEEP O.C.E.A.N. GmbH Anspruch auf 10 % der vereinbarten Seminargeb\u00fchren.&nbsp;<\/p>\n\n\n\n<p>5. Bei Verschiebung oder Umbuchung ab 2 Wochen vor dem (1.) Termin hat die DEEP O.C.E.A.N. GmbH Anspruch auf 20 % der vereinbarten Seminargeb\u00fchren.&nbsp;<\/p>\n\n\n\n<p>Der vorstehende Anspruch entsteht mit dem Tage des Einganges der K\u00fcndigung des Auftraggebers bei der DEEP O.C.E.A.N. GmbH und ist auch zu diesem Zeitpunkt f\u00e4llig. Eine K\u00fcndigung hat nur dann G\u00fcltigkeit, wenn sie schriftlich erfolgt.&nbsp;<\/p>\n\n\n\n<p>Eine etwaige Umbuchung oder Verschiebung hat keinen Einfluss auf die bestehende Vereinbarung zu geleisteten oder laufenden Zahlungen; diese sind wie vorher vereinbart zu leisten.&nbsp;<\/p>\n\n\n\n<p>Sofern kein Bewerbungsverfahren f\u00fcr die Veranstaltung stattfand, steht es dem Teilnehmer frei, einen Ersatzteilnehmer zu benennen.&nbsp;<\/p>\n\n\n\n<p>3.9<\/p>\n\n\n\n<p>Anreise\/\u00dcbernachtung\/Zimmerreservierung&nbsp;<\/p>\n\n\n\n<p>Anreise und \u00dcbernachtung sind im Teilnahmebeitrag nicht enthalten. Bei Ausnahmen von dieser Regel wird in der Veranstaltungsank\u00fcndigung gesondert auf diesen Punkt hingewiesen. Buchung und Abrechnung sind durch den Teilnehmer selbst vorzunehmen. Stehen laut Veranstaltungsank\u00fcndigung (in der Regel zeitlich befristete) Zimmerkontingente zu Sonderpreisen bereit, ist bei der Zimmerbuchung durch den Teilnehmer die jeweilige Veranstaltung anzugeben. An- und Abreise sind so zu planen, dass ein st\u00f6rungsfreier Ablauf der Veranstaltung gew\u00e4hrleistet ist.&nbsp;<\/p>\n\n\n\n<p><strong>4.<\/strong>&nbsp;<strong>Sicherung der Leistungen&nbsp;<\/strong><\/p>\n\n\n\n<p>4.1&nbsp;<\/p>\n\n\n\n<p>Der Auftraggeber erkennt das Urheberrecht der DEEP O.C.E.A.N. GmbH an den von dieser erstellten Werken (Trainingsunterlagen, E-Learning Plattform) an. Gleiches gilt f\u00fcr Ton- oder Bildaufzeichnungen der Trainingsarbeit. Eine Vervielf\u00e4ltigung \/ Verwendung und \/ oder Verbreitung der vorgenannten Werke durch den Auftraggeber bedarf der vorherigen schriftlichen Zustimmung der DEEP O.C.E.A.N. GmbH.&nbsp;<\/p>\n\n\n\n<p>4.2&nbsp;<\/p>\n\n\n\n<p>Die DEEP O.C.E.A.N. GmbH beh\u00e4lt sich vor, Ton- und Bildaufzeichnungen der Trainingsarbeit zu erstellen und diese zeitlich und inhaltlich uneingeschr\u00e4nkt in anderen Medien einzusetzen. Die Teilnehmenden stimmen mit ihrer Teilnahme am Pr\u00e4senz- oder Onlinetraining ausdr\u00fccklich der weiteren Nutzung dieser Aufnahmen zu und treten alle Rechte entsprechend ab.&nbsp;<\/p>\n\n\n\n<p>4.3&nbsp;<\/p>\n\n\n\n<p>Der Auftraggeber sichert zu, dass den von ihm f\u00fcr die Durchf\u00fchrung des Auftrages zur Verf\u00fcgung gestellten Werken Urheber- und \/ oder sonstige Rechte nicht entgegenstehen. Das von der DEEP O.C.E.A.N. GmbH vorbereitete Material wird den Teilnehmern des Trainings \/ Seminars vom Auftraggeber nach Ma\u00dfgabe der Bestimmungen der Ziffer 4.1 zur Verf\u00fcgung gestellt. Die DEEP O.C.E.A.N. GmbH erh\u00e4lt die M\u00f6glichkeit, am Veranstaltungsort einen Informationstisch mit Werbetr\u00e4gern und Informationsmaterial aufzustellen.&nbsp;<\/p>\n\n\n\n<p>4.4&nbsp;<\/p>\n\n\n\n<p>Der Auftraggeber informiert die DEEP O.C.E.A.N. GmbH vor und w\u00e4hrend der vereinbarten Trainingsma\u00dfnahmen laufend \u00fcber s\u00e4mtliche Umst\u00e4nde, die f\u00fcr die Vorbereitung und Durchf\u00fchrung des Auftrages von Bedeutung sind. Eine verantwortliche Kontaktperson wird vom Auftraggeber benannt.&nbsp;<\/p>\n\n\n\n<p>4.5&nbsp;<\/p>\n\n\n\n<p>Sollen Teile des Trainingskonzepts und \/ oder der Durchf\u00fchrung des Auftrages vom Auftraggeber Dritten in Auftrag gegeben werden, ist der DEEP O.C.E.A.N. GmbH der Auftrag zur Koordinierung dieser Auftr\u00e4ge zu erteilen, um \u00dcbereinstimmung mit den konzeptionellen und didaktischen Erfordernissen zu erzielen. Hinzugezogene Dritte werden als Verrichtungsgehilfen der DEEP O.C.E.A.N. GmbH t\u00e4tig, nicht als Erf\u00fcllungsgehilfen. Eine Hinzuziehung Dritter bedarf der ausdr\u00fccklichen, schriftlichen Zustimmung der DEEP O.C.E.A.N. GmbH.&nbsp;<\/p>\n\n\n\n<p>4.6&nbsp;<\/p>\n\n\n\n<p>Die DEEP O.C.E.A.N. GmbH verpflichtet sich zur Geheimhaltung s\u00e4mtlicher gesch\u00e4ftlich relevanter Vorg\u00e4nge, die ihr durch die Zusammenarbeit mit dem Auftraggeber bekannt geworden sind, auch nach Beendigung des Auftrages. Der Auftraggeber und die DEEP O.C.E.A.N. GmbH verpflichten sich, \u00fcber das vereinbarte Honorar und alle sonstigen Inhalte aus dieser Vereinbarung Stillschweigen zu bewahren.&nbsp;<\/p>\n\n\n\n<p>4.7&nbsp;<\/p>\n\n\n\n<p>Die DEEP O.C.E.A.N. GmbH trifft die Auswahl von Medienproduzenten, Ger\u00e4teherstellern, Seminarhotels sowie sonstigen Dritten, die von der DEEP O.C.E.A.N. GmbH zur Durchf\u00fchrung des Auftrages eingesetzt werden. Die DEEP O.C.E.A.N. GmbH wird deren Auswahl ausschlie\u00dflich im Interesse der bestm\u00f6glichen Durchf\u00fchrung des Auftrages treffen und haftet ausschlie\u00dflich f\u00fcr Auswahlverschulden.&nbsp;<\/p>\n\n\n\n<p>4.8&nbsp;<\/p>\n\n\n\n<p>Die DEEP O.C.E.A.N. GmbH ist berechtigt, ihre Dienstleistungen in der Folge auch Mitbewerbern des Auftraggebers anzubieten, sofern nichts anderes vereinbart wurde.&nbsp;<\/p>\n\n\n\n<p>4.9&nbsp;<\/p>\n\n\n\n<p>Kann ein Termin zur Erbringung der Leistung von der DEEP O.C.E.A.N. GmbH wegen h\u00f6herer Gewalt, Krankheit, Unfall oder sonstigen von der DEEP O.C.E.A.N. GmbH nicht zu vertretenden Umst\u00e4nden nicht eingehalten werden, ist der Veranstalter unter Ausschluss jeglicher Schadensersatzpflichten berechtigt, einen Ersatzreferenten zu verpflichten oder einen Ersatztermin zu benennen. Bei kurzfristigen Ausf\u00e4llen besteht seitens des Veranstalters keine Ersatzpflicht.&nbsp;<\/p>\n\n\n\n<p><strong>5.<\/strong>&nbsp;<strong>Rechtliche Hinweise zu unseren Live-Online Trainings&nbsp;<\/strong><\/p>\n\n\n\n<p>5.1&nbsp;<\/p>\n\n\n\n<p>Meldet sich ein Teilnehmer zu unseren Online-Seminaren an, stimmt er automatisch den folgenden rechtlichen Hinweisen zum Datenschutz zu:&nbsp;<\/p>\n\n\n\n<p>5.2&nbsp;<\/p>\n\n\n\n<p>Pro eingegangenem Seminarbeitrag oder bei Inhouse-Trainings unter Angabe der Teilnehmeranzahl (inkl. namentlicher Nennung), entsteht das Recht auf Nutzung des Leistungsumfangs des Online-Trainings. F\u00fcr die Nutzung mehrerer Bildschirme oder die Verwendung eines Gro\u00dfbildschirmes ist eine gesonderte Vereinbarung erforderlich.&nbsp;<\/p>\n\n\n\n<p>5.3&nbsp;<\/p>\n\n\n\n<p>Die Seminarunterlagen (Workshop + Teilnehmerunterlagen) unterliegen dem Copyright der DEEP O.C.E.A.N. GmbH und d\u00fcrfen nur von den Teilnehmern f\u00fcr den privaten Gebrauch abgerufen und verwendet werden. Eine Vervielf\u00e4ltigung, Weitergabe und der Verkauf ist ausdr\u00fccklich untersagt und kann straf- und zivilrechtliche Folgen haben.&nbsp;<\/p>\n\n\n\n<p>5.4&nbsp;<\/p>\n\n\n\n<p>Es ist nicht zul\u00e4ssig, w\u00e4hrend den Online-Trainings unautorisiert Tonmitschnitte als auch Bildaufnahmen (z.B. Screenshot) zu generieren, zu vervielf\u00e4ltigen, auf Datentr\u00e4ger zu kopieren oder auf Retrieval-Systemen abzuspeichern.&nbsp;<\/p>\n\n\n\n<p>5.5&nbsp;<\/p>\n\n\n\n<p>Die Teilnehmer sind daf\u00fcr verantwortlich, bei sich die technischen Voraussetzungen f\u00fcr den Zugang zu den Online-Trainings und einer ad\u00e4quaten Teilnahme zu schaffen, insbesondere der eingesetzten Hardware (Rechner, Bildschirm, Headset, Mikrofon) und Betriebssystemsoftware, der Verbindung zum Internet (Sicherstellung der Verbindungsgeschwindigkeit), der aktuellen Browsersoftware und der Akzeptanz der vom Server des Anbieters \u00fcbermittelten Cookies. Eine separate \u00dcbersicht zu den Systemanforderungen wird die DEEP O.C.E.A.N. GmbH den Teilnehmern vor Beginn des 1. Termins zur Verf\u00fcgung stellen.&nbsp;<\/p>\n\n\n\n<p>5.6&nbsp;<\/p>\n\n\n\n<p>Bedienungsfehler von Hard- und Software gehen nicht zu Lasten der DEEP O.C.E.A.N. GmbH.&nbsp;<\/p>\n\n\n\n<p>5.7&nbsp;<\/p>\n\n\n\n<p>Die DEEP O.C.E.A.N. GmbH stellt sicher, f\u00fcr die Online-Trainings den passenden Standard an Technik zu verwenden, um bestm\u00f6gliche Ergebnisse zu erzielen.&nbsp;<\/p>\n\n\n\n<p><strong>6.<\/strong>&nbsp;<strong>Rechtliche Hinweise zu unserem E-Learning Dienst&nbsp;<\/strong><\/p>\n\n\n\n<p>6.1&nbsp;<\/p>\n\n\n\n<p>Die DEEP O.C.E.A.N. GmbH setzt f\u00fcr ihre Dienste die aktuell und allgemein verwendeten Technologien ein. Um den E-Learning Dienst in vollem Umfang nutzen zu k\u00f6nnen, muss der Nutzer ebenfalls diese Technologien (z.B. aktuelle Browsertechnologien, Adobe Flash) verwenden oder deren Verwendung auf seinem Computer oder mobilen Endger\u00e4t erm\u00f6glichen (z.B. Aktivierung von Java Script, Cookies, Pop-Ups). Bei Benutzung \u00e4lterer oder nicht allgemein gebr\u00e4uchlicher Technologien kann es sein, dass der Nutzer den E-Learning Dienst nur eingeschr\u00e4nkt nutzen kann.&nbsp;<\/p>\n\n\n\n<p>6.2&nbsp;<\/p>\n\n\n\n<p>Die DEEP O.C.E.A.N. GmbH ist berechtigt, die Services f\u00fcr 5 Stunden pro Monat f\u00fcr Wartungsarbeiten zu unterbrechen, wenn Arbeiten an ihrem Server und\/oder sonstigen Leistungsinhalten vorzunehmen sind, die ohne eine Unterbrechung der Leistung nicht durchgef\u00fchrt werden k\u00f6nnen. Die Zeiten der Wartungsfenster gelten nicht and Zeiten der Nichtverf\u00fcgbarkeit.&nbsp;<\/p>\n\n\n\n<p>6.3&nbsp;<\/p>\n\n\n\n<p>Die DEEP O.C.E.A.N. GmbH wird den Nutzer nach M\u00f6glichkeit im Voraus \u00fcber Leistungsunterbrechungen und deren voraussichtliche Dauer informieren.&nbsp;<\/p>\n\n\n\n<p>6.4&nbsp;<\/p>\n\n\n\n<p>\u00dcbergabezeitpunkt f\u00fcr die Leistung der DEEP O.C.E.A.N. GmbH an den Kunden ist der Routerausgang des Servers der DEEP O.C.E.A.N. GmbH bzw. des von der DEEP O.C.E.A.N. GmbH beauftragten externen Rechenzentrumsdienstleisters. Im \u00dcbrigen f\u00e4llt die Nutzung von Rechnersystemen und Leistungen Dritter im Internet in den Risikobereich des Kunden.&nbsp;<\/p>\n\n\n\n<p>6.5&nbsp;<\/p>\n\n\n\n<p>Die f\u00fcr die Nutzung der E-Learning Plattform auf Seiten des Nutzers erforderlichen technischen Voraussetzungen, insbesondere Internetdienste und die dazu notwendige Ausstattung, obliegen hinsichtlich der anfallenden Kosten, der Verf\u00fcgbarkeit und der Sicherheit der Datenverbindung einzig dem Kunden.&nbsp;<\/p>\n\n\n\n<p>6.6&nbsp;<\/p>\n\n\n\n<p>Dem Nutzer ist es nicht gestattet:&nbsp;<\/p>\n\n\n\n<p>1. Die von der DEEP O.C.E.A.N. GmbH erstellten Werke zur\u00fcckzuentwickeln, zu dekompilieren, disassemblieren, modifizieren oder abgeleitete Werke auf ihrer Grundlage zu entwickeln.&nbsp;<\/p>\n\n\n\n<p>2. Schutzma\u00dfnahmen zu umgehen, die die DEEP O.C.E.A.N. GmbH oder ihr Lizenzgeber einsetzen, um Inhalte zu sch\u00fctzen, auf die \u00fcber die E-Learning Plattform zugegriffen werden kann.&nbsp;<\/p>\n\n\n\n<p>3. \u00dcber die DEEP O.C.E.A.N. GmbH und deren E-Learning Plattform bereitgestellte Inhalte zu kopieren, speichern, bearbeiten, zu vervielf\u00e4ltigen oder vorzuf\u00fchren.&nbsp;<\/p>\n\n\n\n<p>4. Das eigene Kundenkonto der E-Learning Plattform zu vermieten oder Unterlizenzen zu vergeben.&nbsp;<\/p>\n\n\n\n<p>5. Das eigene Kundenkonto mit anderen Personen zu teilen und\/oder anderen Personen Zugang zur E-Learning Plattform zu gew\u00e4hren (sog. \u201eShared Account\u201c).&nbsp;<\/p>\n\n\n\n<p>6. Die E-Learning Plattform auf irgendeine andere nicht ordnungsgem\u00e4\u00dfe Weise, die gegen diese AGB verst\u00f6\u00dft, zu nutzen.&nbsp;<\/p>\n\n\n\n<p>In den oben genannten F\u00e4llen sowie in allen anderen F\u00e4llen der unsachgem\u00e4\u00dfen Nutzung verpflichtet sich der Auftraggeber, die DEEP O.C.E.A.N. GmbH schadlos zu halten.&nbsp;<\/p>\n\n\n\n<p><strong>7.<\/strong>&nbsp;<strong>Allgemeine Bestimmungen&nbsp;<\/strong><\/p>\n\n\n\n<p>7.1&nbsp;<\/p>\n\n\n\n<p>Sollten einzelne Bestimmungen dieser Allgemeinen Gesch\u00e4ftsbedingungen f\u00fcr die DEEP O.C.E.A.N. GmbH unwirksam sein oder werden, wird dadurch die Wirksamkeit der Bedingungen im \u00dcbrigen nicht ber\u00fchrt. Die Parteien werden die Bedingungen alsdann mit einer wirksamen Ersatzregelung durchf\u00fchren, die dem mit der weggefallenen Bestimmung verfolgten Zweck am n\u00e4chsten kommt.&nbsp;<\/p>\n\n\n\n<p>7.2&nbsp;<\/p>\n\n\n\n<p>F\u00fcr diese Bedingungen und ihre Durchf\u00fchrung gilt ausschlie\u00dflich deutsches Recht.&nbsp;<\/p>\n\n\n\n<p>7.3&nbsp;<\/p>\n\n\n\n<p>Ausschlie\u00dflicher Gerichtsstand f\u00fcr alle Anspr\u00fcche aus dem Vertrag zwischen Auftraggeber und DEEP O.C.E.A.N. GmbH oder aus diesen Gesch\u00e4ftsbedingungen ist, soweit gesetzlich zul\u00e4ssig, der Sitz der DEEP O.C.E.A.N. GmbH. Dies gilt ebenfalls, falls a) der Auftraggeber keinen allgemeinen Gerichtsstand im Inland hat oder b) der Auftraggeber nach Vertragsabschluss seinen Sitz oder gew\u00f6hnlichen Aufenthaltsort aus dem Geltungsbereich der Zivilprozessordnung verlegt oder sein Sitz oder gew\u00f6hnlicher Aufenthaltsort im Zeitpunkt der Klageerhebung nicht bekannt ist.&nbsp;<\/p>\n","protected":false},"excerpt":{"rendered":"<p>Allgemeine Gesch\u00e4ftsbedingungen\u00a0 &nbsp;1.&nbsp;Vertragsgestaltung&nbsp; &nbsp;1.1&nbsp; Der Abschluss von Vertr\u00e4gen zwischen Auftraggebern und der DEEP O.C.E.A.N. GmbH \u00fcber die beiderseitig zu erbringenden Leistungen sowie \u00c4nderungen und \/ oder Erg\u00e4nzungen hierzu bed\u00fcrfen der Schriftform.&nbsp; 1.2&nbsp; Die vorliegenden Gesch\u00e4ftsbedingungen f\u00fcr die DEEP O.C.E.A.N. GmbH, haben Vorrang vor entgegenstehenden Allgemeinen Gesch\u00e4ftsbedingungen des Auftraggebers.&nbsp; &nbsp;2.&nbsp;Leistungen der DEEP O.C.E.A.N. GmbH&nbsp; &nbsp;2.1&nbsp; Die&#8230;<\/p>\n","protected":false},"author":1,"featured_media":0,"parent":0,"menu_order":0,"comment_status":"closed","ping_status":"closed","template":"","meta":{"_acf_changed":false,"content-type":"","_kad_blocks_custom_css":"","_kad_blocks_head_custom_js":"","_kad_blocks_body_custom_js":"","_kad_blocks_footer_custom_js":"","_kadence_starter_templates_imported_post":false,"_kad_post_transparent":"","_kad_post_title":"","_kad_post_layout":"","_kad_post_sidebar_id":"","_kad_post_content_style":"","_kad_post_vertical_padding":"","_kad_post_feature":"","_kad_post_feature_position":"","_kad_post_header":false,"_kad_post_footer":false,"_kad_post_classname":"","footnotes":""},"class_list":["post-1170","page","type-page","status-publish","hentry"],"acf":[],"taxonomy_info":[],"featured_image_src_large":false,"author_info":{"display_name":"Charles","author_link":"https:\/\/deep-ocean.com\/eng\/author\/charles\/"},"comment_info":0,"_links":{"self":[{"href":"https:\/\/deep-ocean.com\/eng\/wp-json\/wp\/v2\/pages\/1170"}],"collection":[{"href":"https:\/\/deep-ocean.com\/eng\/wp-json\/wp\/v2\/pages"}],"about":[{"href":"https:\/\/deep-ocean.com\/eng\/wp-json\/wp\/v2\/types\/page"}],"author":[{"embeddable":true,"href":"https:\/\/deep-ocean.com\/eng\/wp-json\/wp\/v2\/users\/1"}],"replies":[{"embeddable":true,"href":"https:\/\/deep-ocean.com\/eng\/wp-json\/wp\/v2\/comments?post=1170"}],"version-history":[{"count":0,"href":"https:\/\/deep-ocean.com\/eng\/wp-json\/wp\/v2\/pages\/1170\/revisions"}],"wp:attachment":[{"href":"https:\/\/deep-ocean.com\/eng\/wp-json\/wp\/v2\/media?parent=1170"}],"curies":[{"name":"wp","href":"https:\/\/api.w.org\/{rel}","templated":true}]}}